{"id":9,"date":"2024-11-23T13:54:43","date_gmt":"2024-11-23T12:54:43","guid":{"rendered":"https:\/\/nkotiko.cluster029.hosting.ovh.net\/?page_id=9"},"modified":"2025-01-25T13:22:34","modified_gmt":"2025-01-25T12:22:34","slug":"accueil","status":"publish","type":"page","link":"https:\/\/meditdonc.com\/","title":{"rendered":"Accueil"},"content":{"rendered":"\n<p>Vous souhaitez commencer \u00e0 m\u00e9diter ou nourrir votre pratique personnelle? Le centre M\u00e9dit\u2019donc vous propose des cours de m\u00e9ditation ainsi que des s\u00e9ances collectives et individuelles dans une ambiance chaleureuse.<\/p>\n\n\n\n<p>Le site web \u00e9tant en phase de reconstruction, toutes les infos et outils de r\u00e9servation de cr\u00e9neau ne sont pas encore en ligne. Pour plus de renseignements ou r\u00e9server une s\u00e9ance vous pouvez me joindre&#8230;<\/p>\n\n\n\n<p>par t\u00e9l\u00e9phone au  06.40.38.65.55<\/p>\n\n\n\n<p>par mail \u00e0:     dosdah@gmail.com<\/p>\n","protected":false},"excerpt":{"rendered":"<p>Vous souhaitez commencer \u00e0 m\u00e9diter ou nourrir votre pratique personnelle? Le centre M\u00e9dit\u2019donc vous propose des cours de m\u00e9ditation ainsi que des s\u00e9ances collectives et individuelles dans une ambiance chaleureuse. Le site web \u00e9tant en phase de reconstruction, toutes les infos et outils de r\u00e9servation de cr\u00e9neau ne sont pas encore en ligne. Pour plus &hellip; <\/p>\n<p class=\"link-more\"><a href=\"https:\/\/meditdonc.com\/\" class=\"more-link\">Continuer la lecture<span class=\"screen-reader-text\"> de &laquo;&nbsp;Accueil&nbsp;&raquo;<\/span><\/a><\/p>\n","protected":false},"author":1,"featured_media":0,"parent":0,"menu_order":0,"comment_status":"closed","ping_status":"closed","template":"","meta":{"footnotes":""},"class_list":["post-9","page","type-page","status-publish","hentry"],"_links":{"self":[{"href":"https:\/\/meditdonc.com\/index.php\/wp-json\/wp\/v2\/pages\/9","targetHints":{"allow":["GET"]}}],"collection":[{"href":"https:\/\/meditdonc.com\/index.php\/wp-json\/wp\/v2\/pages"}],"about":[{"href":"https:\/\/meditdonc.com\/index.php\/wp-json\/wp\/v2\/types\/page"}],"author":[{"embeddable":true,"href":"https:\/\/meditdonc.com\/index.php\/wp-json\/wp\/v2\/users\/1"}],"replies":[{"embeddable":true,"href":"https:\/\/meditdonc.com\/index.php\/wp-json\/wp\/v2\/comments?post=9"}],"version-history":[{"count":6,"href":"https:\/\/meditdonc.com\/index.php\/wp-json\/wp\/v2\/pages\/9\/revisions"}],"predecessor-version":[{"id":63,"href":"https:\/\/meditdonc.com\/index.php\/wp-json\/wp\/v2\/pages\/9\/revisions\/63"}],"wp:attachment":[{"href":"https:\/\/meditdonc.com\/index.php\/wp-json\/wp\/v2\/media?parent=9"}],"curies":[{"name":"wp","href":"https:\/\/api.w.org\/{rel}","templated":true}]}}